**2 + 5. What is the remainder when o(6) is divided by (12/27)/(32/2736)?
37
Suppose 59 + 54 = 4*a - 3*j, -2*a = -4*j - 44. What is the remainder when 605 is divided by a?
29
Suppose 0 = 4*c - 16, 4*w = -4*c + 2*c + 76. Suppose -y + w = -14. What is the remainder when 108 is divided by y?
15
Let g be (-90)/(-21) + (-10)/35. What is the remainder when ((-264)/(-4))/2 - (0 + g) is divided by (2 - -4)*(5 + -2)?
11
Let c(n) = -3*n**3 + 37*n**2 - 39*n + 38. Calculate the remainder when 1295 is divided by c(11).
86
Let p(g) = -17*g**3 + 6*g**3 + 20*g**3 + g**2 + 2 + 5*g + 0 - 1. Calculate the remainder when p(3) is divided by 68.
64
Let s = 13 - 12. Suppose r = 5*j - 3, -5*r + 12 = j + s. Calculate the remainder when 1*7/1 + (-7 - -1) is divided by j.
0
Let t(x) = -2*x**3 + 72*x**2 + 54*x - 15. What is the remainder when t(31) is divided by 245?
244
Let u be (-294)/196*(-2)/3*5. Suppose -3*w + 228 = -u*y - 181, 527 = 4*w - 3*y. What is the remainder when w is divided by 43?
42
Suppose 5*y + 11 = -4*m + 110, -y - 2*m = -15. Let o(v) = -70*v - 4. Let s = -57 - -56. Calculate the remainder when o(s) is divided by y.
20
Suppose c - 6*c = 15. Let n(s) be the third derivative of -s**4/8 + 4*s**3/3 + 2*s**2. Calculate the remainder when 83 is divided by n(c).
15
Suppose n + 152 = 5*t, t - 3*n + 6*n - 24 = 0. Let c = -294 - -502. What is the remainder when c is divided by t?
28
Suppose -119*u = -128*u + 18. Suppose -5*l - 18 = -118. Suppose -u*a - 62 + l = -2*d, -d = a - 11. What is the remainder when 39 is divided by d?
7
Let j be (-4 - (1 + -2)) + (176 - 7). Suppose 3*q = -2*r + 15, 5*q - 21 = -r - 2*r. What is the remainder when j/5 - 4*3/(-15) is divided by r?
10
Suppose 3*c - 117*i - 444 = -104*i, 0 = 5*c - 4*i - 687. Calculate the remainder when ((-6)/(-15) - 0)*1035 is divided by c.
9
Let w = 3720 + -2296. What is the remainder when w is divided by 32?
16
Let h = -33 - -22. Let p = h + 19. What is the remainder when (195/3)/((-138)/(-23) - (-49)/(-14)) is divided by p?
2
Suppose 4*x + 3*i = 955, 3*x + i - 382 - 343 = 0. Calculate the remainder when 908 is divided by x.
176
Let w(t) = -t**3 + t**2 - 4*t + 22. Let k be w(0). Suppose -2*v = 5*u - 641, 3*u + 3*v + k = 403. What is the remainder when u is divided by 13?
12
Suppose 0 = -14*r - 30*r + 13*r + 6231. What is the remainder when 398 is divided by r?
197
Let m(d) = -8*d**2 + 6*d - 9. Let v be m(3). Let o = -24 - v. Let w = -19 + 22. What is the remainder when o is divided by w?
0
Let w(s) = -6*s + 201. Let u be w(34). Let k(g) = -3*g - 2. What is the remainder when 13 is divided by k(u)?
6
Suppose 3*o = -p + 30, 5*o = -122*p + 120*p + 53. What is the remainder when 3534 is divided by p?
6
Let u(a) = 2*a**3 - 71*a**2 - 44*a + 901. Let i(b) = 15*b - 2. What is the remainder when u(36) is divided by i(2)?
25
Suppose -o - 6*m + 3*m - 5 = 0, -4*o - 4*m = 4. Let j = -20 + 27. Suppose -j = -8*h + 1. Calculate the remainder when o is divided by h.
0
Suppose -8*k - 1641 = -11*k. Calculate the remainder when k is divided by 3.
1
Suppose -2*n - 6 = 0, 0 = 9*z - 4*z + 2*n - 74. Suppose 0 = -z*w + 22*w - 60. Calculate the remainder when w/(-4)*(-3)/(-5)*-24 is divided by 5.
1
Suppose 7*a - 12*a - 4*i + 2745 = 0, 3*a + 2*i - 1647 = 0. Calculate the remainder when a is divided by 106.
19
What is the remainder when 244 is divided by (-11 - 581)/(-8) + -10?
52
Let m be (-3)/9 + 7/((-84)/(-424)). Suppose -3*d + 12 = 2*s - m, d - 2*s = 29. Let q = d - 9. What is the remainder when 27 is divided by q?
7
Let u(d) = d**3 + 8*d**2 - 3*d - 2. Let f(s) be the first derivative of 3*s**2/2 - 74*s + 47. Let v be f(22). What is the remainder when 87 is divided by u(v)?
21
Let a be 9/4*160/3. Calculate the remainder when 2/(60/3866) + 16/a is divided by 33.
30
Suppose 2*g + 2*g - 12 = 0, 2*g - 11 = m. Let j be (-9 + 4)/(-5)*m. What is the remainder when 181 is divided by (0 + j)/(-5)*46?
43
Calculate the remainder when ((-10)/15)/((-33)/78012) - -2 is divided by 143.
5
Calculate the remainder when (6000/(-160))/((-3)/16) is divided by 20.
0
Suppose 5*f - 1137 = 2*q, 13*f - 18*f + 1149 = q. What is the remainder when f is divided by 49?
33
Let c = 10002 + -9992. What is the remainder when 77 is divided by c?
7
Suppose 1515 = 246*z - 189*z - 1050. Calculate the remainder when z is divided by 31.
14
Let d be (-2)/(-4)*(2 - -404). Let x = d + -158. Calculate the remainder when x is divided by 14.
3
Suppose 0*a - 2*a = -42*a. Suppose -20*s + 25*s - 180 = a. Suppose -5*p = -r + 14, p + 52 + 23 = 4*r. Calculate the remainder when s is divided by r.
17
Suppose -5*y = -406 - 294. Suppose -123*q + 118*q = -y. Suppose -51 - 171 = -2*w. What is the remainder when w is divided by q?
27
Suppose -18*v + 3*r + 1176 = -14*v, -4*v - 2*r = -1196. What is the remainder when 40984 is divided by v?
295
Suppose 164*l = 709*l - 12535. What is the remainder when 195 is divided by l?
11
Suppose -3*w - q = 2*w - 2657, -2653 = -5*w + q. Let x = w - 487. Calculate the remainder when 171 is divided by x.
39
Let w(a) = -8*a + 21*a - 2*a + 2*a - 3*a - 84. Calculate the remainder when 143 is divided by w(10).
15
Suppose 17498 + 2480 = 14*i. Calculate the remainder when i is divided by 114 - ((-3 - -5) + (0 - -2)).
107
Suppose 3*c + 79*w - 78*w = 359, 0 = 2*c + 4*w - 216. Calculate the remainder when 1006 is divided by c.
30
Let h(c) = 809*c + 822. Let b(z) = z - 5. Let m be b(5). What is the remainder when (m + -2)/(2/(-23)) is divided by h(-1)?
10
Let k(y) be the second derivative of -13*y**3/2 - 7*y**2 + y. Let l be k(-2). Suppose -5*s + 7*s - l = 0. Calculate the remainder when s is divided by 9.
5
Let n be (-9)/(-6)*(-20)/(-3). Suppose 6 = -n*h + 11*h. Suppose -h*b + 72 = 2*b. What is the remainder when 43 is divided by b?
7
Suppose -150*f = -80*f - 1120. What is the remainder when 353 is divided by f?
1
Suppose 327 = -2*s - 547. Let o = -327 - s. Calculate the remainder when o is divided by 7.
5
What is the remainder when 2478 is divided by 6 - (-11 + -24) - 4?
36
Let a = -36 - -41. Suppose 61 = 2*y - a. Suppose 2*n - y = -n. What is the remainder when n is divided by 2?
1
Let f(w) = -6*w + 6. Suppose 71*l - 67*l = 24. Let k be f(l). Let q = k - -52. What is the remainder when 65 is divided by q?
21
Let d = 77 + -49. Let m(v) = 2*v**2 - 2*v - 3. What is the remainder when ((-216)/d)/(3/(-28)) is divided by m(5)?
35
Suppose -2*a + 13760 + 4972 = 40*a. Calculate the remainder when 905 is divided by a.
13
Suppose 0 = 4*q - 8, -38 = -5*j - 3*q + 78. Let v be 5 - (-6)/((-18)/(-48)*-2). Let l(t) = -33*t - 91. Calculate the remainder when j is divided by l(v).
6
Let g = -68 - -114. Suppose g*h - 5450 = -942. Calculate the remainder when h is divided by 17.
13
Let d = 360 + -336. Let v = 7 + 109. What is the remainder when v is divided by d?
20
Let o(d) = 74*d**2 - d - 1. Let f(u) = -u. Let q be f(-8). Let t(n) = n**2 - 4*n - 6. What is the remainder when o(-1) is divided by t(q)?
22
Let f(p) = 10 + p + 10*p + 372*p**2 - 371*p**2. Suppose 2*g = -4*i - i - 60, 0 = -2*g. Calculate the remainder when 41 is divided by f(i).
19
Let o = -4594 + 5112. Calculate the remainder when o is divided by 12.
2
Let b = -260873 + 260900. What is the remainder when 2 - (3*-133 - 2) is divided by b?
25
Let n be 2 - 3/((-2)/((-316)/6)). Let z = n + 75. What is the remainder when 29 is divided by (-59)/(-6) - z/12?
9
What is the remainder when 9319 is divided by (3/(-15)*-8)/(244/1525)?
9
Let i = 85 + 152. Suppose -2*s = -3*o + 41, -45*s - 6 = -48*s. What is the remainder when i is divided by o?
12
Suppose 5*u = -27*r + 31*r - 316, 2*u = 0. What is the remainder when r is divided by 7?
2
Let g = 18629 - 18234. Calculate the remainder when g is divided by 27.
17
Let x = -114 - -148. Let y = x + 30. What is the remainder when 125 is divided by y?
61
Suppose c + y - 1270 = 826, y + 2088 = c. What is the remainder when c is divided by 7?
6
Suppose 433 = 7*b + 286. Calculate the remainder when 1402 is divided by b.
16
Suppose 2*o - 2*l + 22 = 0, o + 5*l - 35 = 4*o. Let q(w) = w**3 + 10*w**2 + w - 5. Let g be q(o). What is the remainder when 4/10 + 1*(-489)/g is divided by 18?
15
Suppose -28*a = -36*a + 192. Suppose -a*c = -6*c - 252. What is the remainder when 27 is divided by c?
13